10019986?
9
What is the ten thousands digit of 44622?
4
What is the hundreds digit of 16281333?
3
What is the units digit of 246111?
1
What is the ten thousands digit of 201418?
0
What is the hundred thousands digit of 9922627?
9
What is the ten thousands digit of 98497?
9
What is the hundreds digit of 1583998?
9
What is the hundred thousands digit of 22157866?
1
What is the units digit of 185156?
6
What is the ten thousands digit of 540467?
4
What is the ten thousands digit of 771793?
7
What is the tens digit of 4594091?
9
What is the thousands digit of 1921261?
1
What is the hundred thousands digit of 5039682?
0
What is the ten thousands digit of 95771?
9
What is the tens digit of 14352125?
2
What is the hundreds digit of 197849?
8
What is the hundred thousands digit of 114734?
1
What is the thousands digit of 170259?
0
What is the tens digit of 688574?
7
What is the units digit of 11130808?
8
What is the tens digit of 9504130?
3
What is the hundreds digit of 227068?
0
What is the millions digit of 1073390?
1
What is the ten thousands digit of 2023890?
2
What is the hundreds digit of 259013?
0
What is the ten thousands digit of 483084?
8
What is the millions digit of 9917441?
9
What is the ten thousands digit of 7504376?
0
What is the hundred thousands digit of 5148182?
1
What is the tens digit of 1168338?
3
What is the thousands digit of 5414951?
4
What is the ten thousands digit of 15527869?
2
What is the tens digit of 1422942?
4
What is the ten thousands digit of 750548?
5
What is the thousands digit of 896265?
6
What is the hundred thousands digit of 130396?
1
What is the ten thousands digit of 10656204?
5
What is the tens digit of 235488?
8
What is the units digit of 238102?
2
What is the millions digit of 2818612?
2
What is the ten millions digit of 18545079?
1
What is the tens digit of 11149210?
1
What is the thousands digit of 220851?
0
What is the units digit of 1043683?
3
What is the tens digit of 5348859?
5
What is the ten thousands digit of 309027?
0
What is the thousands digit of 1656430?
6
What is the thousands digit of 3087692?
7
What is the units digit of 573248?
8
What is the ten thousands digit of 3119466?
1
What is the thousands digit of 2731848?
1
What is the millions digit of 2251662?
2
What is the tens digit of 11370011?
1
What is the ten thousands digit of 7087066?
8
What is the hundreds digit of 750921?
9
What is the units digit of 126250?
0
What is the hundreds digit of 11558165?
1
What is the thousands digit of 832277?
2
What is the millions digit of 2603562?
2
What is the ten millions digit of 12519287?
1
What is the units digit of 6367274?
4
What is the thousands digit of 941904?
1
What is the tens digit of 215305?
0
What is the thousands digit of 23827?
3
What is the tens digit of 1282313?
1
What is the hundred thousands digit of 364921?
3
What is the units digit of 371072?
2
What is the hundred thousands digit of 7680261?
6
What is the hundred thousands digit of 647611?
6
What is the ten thousands digit of 760354?
6
What is the thousands digit of 365453?
5
What is the millions digit of 6744001?
6
What is the hundred thousands digit of 209248?
2
What is the hundreds digit of 2010736?
7
What is the hundred thousands digit of 3041000?
0
What is the hundred thousands digit of 4869388?
8
What is the units digit of 446591?
1
What is the tens digit of 7833595?
9
What is the thousands digit of 174037?
4
What is the millions digit of 3622294?
3
What is the tens digit of 653934?
3
What is the ten millions digit of 16810780?
1
What is the tens digit of 344293?
9
What is the thousands digit of 373530?
3
What is the thousands digit of 18119598?
9
What is the units digit of 6374321?
1
What is the millions digit of 13212759?
3
What is the units digit of 202375?
5
What is the hundreds digit of 2212862?
8
What is the hundred thousands digit of 8476665?
4
What is the millions digit of 37020992?
7
What is the tens digit of 60224?
2
What is the hundreds digit of 1025702?
7
What is the thousands digit of 11396323?
6
What is the units digit of 618920?
0
What is the tens digit of 517130?
3
What is the hundreds digit of 4618878?
8
What is the tens digit of 41742?
4
What is the tens digit of 10049303?
0
What is the ten thousands digit of 298949?
9
What is the ten thousands digit of 216269?
1
What is the thousands digit of 667506?
7
What is the ten thousands digit of 697372?
9
What is the ten thousands digit of 788339?
8
What is the hundred thousands digit of 402428?
4
What is the units digit of 11119279?
9
What is the hundred thousands digit of 893316?
8
What is the units digit of 1244140?
0
What is the hundred thousands digit of 188944?
1
What is the tens digit of 4541599?
9
What is the hundreds digit of 2387937?
9
What is the tens digit of 123289?
8
What is the tens digit of 421165?
6
What is the hundred thousands digit of 532572?
5
What is the hundreds digit of 4849215?
2
What is the units digit of 358058?
8
What is the thousands digit of 10893150?
3
What is the millions digit of 17156586?
7
What is the tens digit of 81579?
7
What is the millions digit of 5810107?
5
What is the thousands digit of 143903?
3
What is the millions digit of 5587646?
5
What is the thousands digit of 600959?
0
What is the millions digit of 5965914?
5
What is the hundreds digit of 18876?
8
What is the thousands digit of 18857482?
7
What is the ten thousands digit of 303665?
0
What is the thousands digit of 10386609?
6
What is the tens digit of 45016?
1
What is the hundred thousands digit of 445579?
4
What is the tens digit of 2227025?
2
What is the tens digit of 34930?
3
What is the thousands digit of 35616145?
6
What is the thousands digit of 296252?
6
What is the units digit of 8003060?
0
What is the hundreds digit of 411600?
6
What is the hundreds digit of 20166311?
3
What is the hundred thousands digit of 3803075?
8
What is the tens digit of 1874913?
1
What is the millions digit of 5323313?
5
What is the hundred thousands digit of 277582?
2
What is the hundreds digit of 342803?
8
What is the hundreds digit of 645787?
7
What is the ten thousands digit of 3407413?
0
What is the ten thousands digit of 492400?
9
What is the thousands digit of 2437974?
7
What is the tens digit of 680346?
4
What is the millions digit of 5057555?
5
What is the millions digit of 1103092?
1
What is the hundred thousands digit of 7435311?
4
What is the ten thousands digit of 119024?
1
What is the ten thousands digit of 94339?
9
What is the hundred thousands digit of 13170491?
1
What is the thousands digit of 587350?
7
What is the hundred thousands digit of 19798687?
7
What is the hundreds digit of 8080345?
3
What is the hundred thousands digit of 149894?
1
What is the ten thousands digit of 1767367?
6
What is the ten thousands digit of 723169?
2
What is the hundred thousands digit of 432632?
4
What is the tens digit of 661754?
5
What is the thousands digit of 793175?
3
What is the hundred thousands digit of 5183634?
1
What is the hundreds digit of 9208233?
2
What is the hundred thousands digit of 20819463?
8
What is the millions digit of 3011870?
3
What is the thousands digit of 155374?
5
What is the millions digit of 2750223?
2
What is the hundred thousands digit of 482616?
4
What is the tens digit of 3551659?
5
What is the ten thousands digit of 2247331?
4
What is the thousands digit of 14860716?
0
What is the units digit of 461717?
7
What is the thousands digit of 550124?
0
What is the hundred thousands digit of 833473?
8
What is the hundred thousands digit of 1724831?
7
What is the thousands digit of 24051?
4
What is the hundred thousands digit of 498389?
4
What is the units digit of 84973?
3
What is the units digit of 834319?
9
What is the thousands digit of 114218?
4
What is the units digit of 933080?
0
What is the units digit of 257760?
0
What is the tens digit of 31558?
5
What is the tens digit of 1569871?
7
What is the hundreds digit of 305659?
6
What is the thousands digit of 324983?
4
What is the hundred thousands digit of 258786?
2
What is the hundreds digit of 18712117?
1
What is the ten thousands digit of 19093928?
9
What is the ten thousands digit of 822347?
2
What is the hundred thousands digit of 15495010?
4
What is the thousands digit of 7108294?
8
What is t